{"id":1257,"date":"2024-01-24T17:27:25","date_gmt":"2024-01-24T17:27:25","guid":{"rendered":"https:\/\/cafecitoparaelalma.com\/MarthaPaez\/?post_type=product&#038;p=1257"},"modified":"2025-11-22T17:17:39","modified_gmt":"2025-11-22T17:17:39","slug":"conquistando-la-promesa","status":"publish","type":"product","link":"https:\/\/cafecitoparaelalma.com\/MarthaPaez\/producto\/conquistando-la-promesa\/","title":{"rendered":"Conquistando la promesa (DIGITAL)"},"content":{"rendered":"<p>Como mujeres, siempre estamos buscando nuevas estrategias, realizando acciones con el deseo de ser las mejores madres, esposas, empresarias, amigas, etc. Y todo esto es de gran satisfacci\u00f3n, pero es muy importante hacer un alto en la vida y a sus m\u00faltiples<br \/>\nresponsabilidades, para conocer y saber escuchar el coraz\u00f3n de nuestro Se\u00f1or Jesucristo y entender que tenemos el prop\u00f3sito de llevar palabras de vida y salvaci\u00f3n eterna a nuestra sociedad.<\/p>\n<p>&nbsp;<\/p>\n","protected":false},"excerpt":{"rendered":"<p>Necesitamos Ser \u201cMujeres en la Estrategia\u201d, y segura estoy que este libro: \u201cConquistando la promesa\u201d, te ayudar\u00e1 a esclarecer dudas, a encontrar herramientas y a guiarte con facilidad para que logres ganar muchas almas para nuestro Dios.<\/p>\n","protected":false},"featured_media":1264,"template":"","meta":{"site-sidebar-layout":"default","site-content-layout":"","ast-site-content-layout":"default","site-content-style":"default","site-sidebar-style":"default","ast-global-header-display":"","ast-banner-title-visibility":"","ast-main-header-display":"","ast-hfb-above-header-display":"","ast-hfb-below-header-display":"","ast-hfb-mobile-header-display":"","site-post-title":"","ast-breadcrumbs-content":"","ast-featured-img":"","footer-sml-layout":"","ast-disable-related-posts":"","theme-transparent-header-meta":"default","adv-header-id-meta":"","stick-header-meta":"","header-above-stick-meta":"","header-main-stick-meta":"","header-below-stick-meta":"","astra-migrate-meta-layouts":"set","ast-page-background-enabled":"default","ast-page-background-meta":{"desktop":{"background-color":"","background-image":"","background-repeat":"repeat","background-position":"center center","background-size":"auto","background-attachment":"scroll","background-type":"","background-media":"","overlay-type":"","overlay-color":"","overlay-opacity":"","overlay-gradient":""},"tablet":{"background-color":"","background-image":"","background-repeat":"repeat","background-position":"center center","background-size":"auto","background-attachment":"scroll","background-type":"","background-media":"","overlay-type":"","overlay-color":"","overlay-opacity":"","overlay-gradient":""},"mobile":{"background-color":"","background-image":"","background-repeat":"repeat","background-position":"center center","background-size":"auto","background-attachment":"scroll","background-type":"","background-media":"","overlay-type":"","overlay-color":"","overlay-opacity":"","overlay-gradient":""}},"ast-content-background-meta":{"desktop":{"background-color":"var(--ast-global-color-5)","background-image":"","background-repeat":"repeat","background-position":"center center","background-size":"auto","background-attachment":"scroll","background-type":"","background-media":"","overlay-type":"","overlay-color":"","overlay-opacity":"","overlay-gradient":""},"tablet":{"background-color":"var(--ast-global-color-5)","background-image":"","background-repeat":"repeat","background-position":"center center","background-size":"auto","background-attachment":"scroll","background-type":"","background-media":"","overlay-type":"","overlay-color":"","overlay-opacity":"","overlay-gradient":""},"mobile":{"background-color":"var(--ast-global-color-5)","background-image":"","background-repeat":"repeat","background-position":"center center","background-size":"auto","background-attachment":"scroll","background-type":"","background-media":"","overlay-type":"","overlay-color":"","overlay-opacity":"","overlay-gradient":""}},"_joinchat":[]},"product_brand":[],"product_cat":[24],"product_tag":[],"class_list":{"0":"post-1257","1":"product","2":"type-product","3":"status-publish","4":"has-post-thumbnail","6":"product_cat-libros-digitales","7":"desktop-align-center","8":"tablet-align-left","9":"mobile-align-left","11":"first","12":"instock","13":"downloadable","14":"virtual","15":"purchasable","16":"product-type-simple"},"_links":{"self":[{"href":"https:\/\/cafecitoparaelalma.com\/MarthaPaez\/wp-json\/wp\/v2\/product\/1257","targetHints":{"allow":["GET"]}}],"collection":[{"href":"https:\/\/cafecitoparaelalma.com\/MarthaPaez\/wp-json\/wp\/v2\/product"}],"about":[{"href":"https:\/\/cafecitoparaelalma.com\/MarthaPaez\/wp-json\/wp\/v2\/types\/product"}],"wp:featuredmedia":[{"embeddable":true,"href":"https:\/\/cafecitoparaelalma.com\/MarthaPaez\/wp-json\/wp\/v2\/media\/1264"}],"wp:attachment":[{"href":"https:\/\/cafecitoparaelalma.com\/MarthaPaez\/wp-json\/wp\/v2\/media?parent=1257"}],"wp:term":[{"taxonomy":"product_brand","embeddable":true,"href":"https:\/\/cafecitoparaelalma.com\/MarthaPaez\/wp-json\/wp\/v2\/product_brand?post=1257"},{"taxonomy":"product_cat","embeddable":true,"href":"https:\/\/cafecitoparaelalma.com\/MarthaPaez\/wp-json\/wp\/v2\/product_cat?post=1257"},{"taxonomy":"product_tag","embeddable":true,"href":"https:\/\/cafecitoparaelalma.com\/MarthaPaez\/wp-json\/wp\/v2\/product_tag?post=1257"}],"curies":[{"name":"wp","href":"https:\/\/api.w.org\/{rel}","templated":true}]}}